{"id":2,"date":"2023-02-09T12:47:55","date_gmt":"2023-02-09T11:47:55","guid":{"rendered":"https:\/\/chill-charge.de\/?page_id=2"},"modified":"2025-05-26T11:29:22","modified_gmt":"2025-05-26T09:29:22","slug":"beispiel-seite","status":"publish","type":"page","link":"https:\/\/www.chill-charge.de\/?page_id=2","title":{"rendered":"Unsere Speisekarte"},"content":{"rendered":"\n<div class=\"wp-block-columns is-layout-flex wp-container-core-columns-is-layout-9d6595d7 wp-block-columns-is-layout-flex\">\n<div class=\"wp-block-column is-vertically-aligned-top is-layout-flow wp-block-column-is-layout-flow\" style=\"flex-basis:33.33%\">\n<p>Bei uns finden Sie regionale, leichte Speisen. Unseren Kaffee beziehen wir von der Kaffeer\u00f6sterei Dinzler, womit sich genussvolle Kaffeespezialit\u00e4ten kreieren lassen. Begleitet mit einem erfrischenden Getr\u00e4nk k\u00f6nnen Sie die S\u00e4fte der Mosterei Jank aus Burg probieren. Zus\u00e4tzlich zu unserem Fr\u00fchst\u00fcck z\u00e4hlen wir auch leichte Mittagsgerichte. Dabei ist unser herzhafter Wildkr\u00e4utersalat aus der Region einen Besuch wert. Lassen Sie sich von unserer Speisekarte begeistern. Wir freuen uns auf Ihren Besuch!\u00a0<\/p>\n<\/div>\n\n\n\n<div class=\"wp-block-column is-layout-flow wp-block-column-is-layout-flow\" style=\"flex-basis:66.66%\">\n<figure class=\"wp-block-image size-large\"><img loading=\"lazy\" decoding=\"async\" width=\"768\" height=\"1024\" src=\"https:\/\/www.chill-charge.de\/wp-content\/uploads\/2023\/09\/IMG_0879-768x1024.jpeg\" alt=\"\" class=\"wp-image-413\" srcset=\"https:\/\/www.chill-charge.de\/wp-content\/uploads\/2023\/09\/IMG_0879-768x1024.jpeg 768w, https:\/\/www.chill-charge.de\/wp-content\/uploads\/2023\/09\/IMG_0879-225x300.jpeg 225w, https:\/\/www.chill-charge.de\/wp-content\/uploads\/2023\/09\/IMG_0879-1152x1536.jpeg 1152w, https:\/\/www.chill-charge.de\/wp-content\/uploads\/2023\/09\/IMG_0879-1536x2048.jpeg 1536w, https:\/\/www.chill-charge.de\/wp-content\/uploads\/2023\/09\/IMG_0879-scaled.jpeg 1920w\" sizes=\"auto, (max-width: 767px) 89vw, (max-width: 1000px) 54vw, (max-width: 1071px) 543px, 580px\" \/><\/figure>\n<\/div>\n<\/div>\n\n\n\n<div class=\"wp-block-group\"><div class=\"wp-block-group__inner-container is-layout-constrained wp-block-group-is-layout-constrained\">\n<div data-wp-interactive=\"core\/file\" class=\"wp-block-file aligncenter has-white-background-color has-background\"><object data-wp-bind--hidden=\"!state.hasPdfPreview\" hidden class=\"wp-block-file__embed\" data=\"https:\/\/www.chill-charge.de\/wp-content\/uploads\/2025\/05\/gesamte-Karte-ab-Mai-2025.pdf\" type=\"application\/pdf\" style=\"width:100%;height:600px\" aria-label=\"Einbettung von gesamte Karte ab Mai 2025.\"><\/object><a id=\"wp-block-file--media-e059fc45-f0a6-4283-8740-9a45d0101aeb\" href=\"https:\/\/www.chill-charge.de\/wp-content\/uploads\/2025\/05\/gesamte-Karte-ab-Mai-2025.pdf\">gesamte Karte ab Mai 2025<\/a><a href=\"https:\/\/www.chill-charge.de\/wp-content\/uploads\/2025\/05\/gesamte-Karte-ab-Mai-2025.pdf\" class=\"wp-block-file__button wp-element-button\" download aria-describedby=\"wp-block-file--media-e059fc45-f0a6-4283-8740-9a45d0101aeb\">Speisekarte Herunterladen<\/a><\/div>\n<\/div><\/div>\n\n\n\n<p><\/p>\n\n\n\n<p><\/p>\n\n\n\n<hr class=\"wp-block-separator has-alpha-channel-opacity is-style-wide\"\/>\n\n\n\n<h1 class=\"wp-block-heading has-text-align-left\">Fr\u00fchst\u00fccks-Brunch f\u00fcr besondere Anl\u00e4sse<\/h1>\n\n\n\n<div class=\"wp-block-columns is-layout-flex wp-container-core-columns-is-layout-9d6595d7 wp-block-columns-is-layout-flex\">\n<div class=\"wp-block-column is-layout-flow wp-block-column-is-layout-flow\" style=\"flex-basis:33.33%\">\n<p>Sie m\u00f6chten einen besonderen Anlass feiern? Unser Wohlf\u00fchl-Brunch eignet sich hervorragend f\u00fcr Veranstaltungen oder einen sch\u00f6nen Vormittag zusammen mit der Familie oder Freunden.<\/p>\n<p>In unserem Brunch erhalten Sie einen Brotkorb (2 Br\u00f6tchen, 1 Croissaint), S\u00fc\u00dfe und Herzhafte Bel\u00e4ge, ein gekochtes Ei, hausgemachte Marmeladen, frischen Obstsalat und aufgeschnittenes Gem\u00fcse, herzhafter Salat der Saison, 0,2L Saft nach Wahl und eine Kaffeespezialit\u00e4t.<\/p>\n<p>Wir bieten unseren Fr\u00fchst\u00fccks-Brunch auch als vegetarische oder vegane Variante an. Bitte sprechen Sie uns bei Fragen an!<\/p>\n<\/div>\n\n\n\n<div class=\"wp-block-column is-layout-flow wp-block-column-is-layout-flow\" style=\"flex-basis:66.66%\">\n<figure class=\"wp-block-image size-large\"><img loading=\"lazy\" decoding=\"async\" width=\"724\" height=\"1024\" src=\"https:\/\/www.chill-charge.de\/wp-content\/uploads\/2025\/01\/Brunch-Flyer-neuer-preis-724x1024.jpg\" alt=\"\" class=\"wp-image-570\" srcset=\"https:\/\/www.chill-charge.de\/wp-content\/uploads\/2025\/01\/Brunch-Flyer-neuer-preis-724x1024.jpg 724w, https:\/\/www.chill-charge.de\/wp-content\/uploads\/2025\/01\/Brunch-Flyer-neuer-preis-212x300.jpg 212w, https:\/\/www.chill-charge.de\/wp-content\/uploads\/2025\/01\/Brunch-Flyer-neuer-preis-768x1086.jpg 768w, https:\/\/www.chill-charge.de\/wp-content\/uploads\/2025\/01\/Brunch-Flyer-neuer-preis-1086x1536.jpg 1086w, https:\/\/www.chill-charge.de\/wp-content\/uploads\/2025\/01\/Brunch-Flyer-neuer-preis.jpg 1414w\" sizes=\"auto, (max-width: 724px) 100vw, 724px\" \/><\/figure>\n<\/div>\n<\/div>\n\n\n\n<div class=\"wp-block-columns is-layout-flex wp-container-core-columns-is-layout-9d6595d7 wp-block-columns-is-layout-flex\"><\/div>\n\n\n\n<div data-wp-interactive=\"core\/file\" class=\"wp-block-file aligncenter has-white-background-color has-background\"><object data-wp-bind--hidden=\"!state.hasPdfPreview\" hidden class=\"wp-block-file__embed\" data=\"https:\/\/www.chill-charge.de\/wp-content\/uploads\/2023\/09\/Getraenkekarte-Brunch.pdf\" type=\"application\/pdf\" style=\"width:100%;height:600px\" aria-label=\"PDF-Einbettung\"><\/object><a href=\"https:\/\/www.chill-charge.de\/wp-content\/uploads\/2023\/09\/Getraenkekarte-Brunch.pdf\" class=\"wp-block-file__button wp-element-button\" download>Getr\u00e4nkekarte Brunch<\/a><\/div>\n\n\n\n<p><\/p>\n\n\n\n<hr class=\"wp-block-separator has-alpha-channel-opacity is-style-wide\"\/>\n\n\n\n<h1 class=\"wp-block-heading\">Saisonale Abwechslung<\/h1>\n\n\n<p style=\"text-align: left;\">Zum Jahreszeitenwechsel bieten wir Ihnen zus\u00e4tzlich weitere saisonale Angebote an.<\/p>\n\n\n<div data-wp-interactive=\"core\/file\" class=\"wp-block-file aligncenter\"><object data-wp-bind--hidden=\"!state.hasPdfPreview\" hidden class=\"wp-block-file__embed\" data=\"https:\/\/www.chill-charge.de\/wp-content\/uploads\/2025\/05\/Saisonale-Karte-Sommer-\u00b425.pdf\" type=\"application\/pdf\" style=\"width:100%;height:600px\" aria-label=\"Einbettung von Saisonale Karte Sommer \u00b425.\"><\/object><a id=\"wp-block-file--media-cc088d9b-56f9-4764-a130-672175e1dc7f\" href=\"https:\/\/www.chill-charge.de\/wp-content\/uploads\/2025\/05\/Saisonale-Karte-Sommer-\u00b425.pdf\">Saisonale Karte Sommer \u00b425<\/a><a href=\"https:\/\/www.chill-charge.de\/wp-content\/uploads\/2025\/05\/Saisonale-Karte-Sommer-\u00b425.pdf\" class=\"wp-block-file__button wp-element-button\" download aria-describedby=\"wp-block-file--media-cc088d9b-56f9-4764-a130-672175e1dc7f\">Saisonale Karte Herunterladen<\/a><\/div>\n\n\n\n<p><\/p>\n\n\n\n<div class=\"wp-block-columns is-layout-flex wp-container-core-columns-is-layout-9d6595d7 wp-block-columns-is-layout-flex\">\n<div class=\"wp-block-column is-layout-flow wp-block-column-is-layout-flow\">\n<figure class=\"wp-block-image size-large\"><img loading=\"lazy\" decoding=\"async\" width=\"768\" height=\"1024\" src=\"https:\/\/www.chill-charge.de\/wp-content\/uploads\/2025\/01\/Winterlicher-Traum-768x1024.jpg\" alt=\"\" class=\"wp-image-594\" srcset=\"https:\/\/www.chill-charge.de\/wp-content\/uploads\/2025\/01\/Winterlicher-Traum-768x1024.jpg 768w, https:\/\/www.chill-charge.de\/wp-content\/uploads\/2025\/01\/Winterlicher-Traum-225x300.jpg 225w, https:\/\/www.chill-charge.de\/wp-content\/uploads\/2025\/01\/Winterlicher-Traum-1152x1536.jpg 1152w, https:\/\/www.chill-charge.de\/wp-content\/uploads\/2025\/01\/Winterlicher-Traum-1536x2048.jpg 1536w, https:\/\/www.chill-charge.de\/wp-content\/uploads\/2025\/01\/Winterlicher-Traum-scaled.jpg 1920w\" sizes=\"auto, (max-width: 767px) 89vw, (max-width: 1000px) 54vw, (max-width: 1071px) 543px, 580px\" \/><figcaption class=\"wp-element-caption\">Winterlicher Traum<\/figcaption><\/figure>\n<\/div>\n\n\n\n<div class=\"wp-block-column is-layout-flow wp-block-column-is-layout-flow\">\n<figure class=\"wp-block-image size-large\"><img loading=\"lazy\" decoding=\"async\" width=\"768\" height=\"1024\" src=\"https:\/\/www.chill-charge.de\/wp-content\/uploads\/2025\/01\/Heisser-Apfel-mit-Zimt-768x1024.jpg\" alt=\"\" class=\"wp-image-595\" srcset=\"https:\/\/www.chill-charge.de\/wp-content\/uploads\/2025\/01\/Heisser-Apfel-mit-Zimt-768x1024.jpg 768w, https:\/\/www.chill-charge.de\/wp-content\/uploads\/2025\/01\/Heisser-Apfel-mit-Zimt-225x300.jpg 225w, https:\/\/www.chill-charge.de\/wp-content\/uploads\/2025\/01\/Heisser-Apfel-mit-Zimt-1152x1536.jpg 1152w, https:\/\/www.chill-charge.de\/wp-content\/uploads\/2025\/01\/Heisser-Apfel-mit-Zimt-1536x2048.jpg 1536w, https:\/\/www.chill-charge.de\/wp-content\/uploads\/2025\/01\/Heisser-Apfel-mit-Zimt-scaled.jpg 1920w\" sizes=\"auto, (max-width: 767px) 89vw, (max-width: 1000px) 54vw, (max-width: 1071px) 543px, 580px\" \/><figcaption class=\"wp-element-caption\">Hei\u00dfer Apfelsaft mit Zimt<\/figcaption><\/figure>\n<\/div>\n\n\n\n<div class=\"wp-block-column is-layout-flow wp-block-column-is-layout-flow\">\n<figure class=\"wp-block-image size-large is-resized\"><img loading=\"lazy\" decoding=\"async\" width=\"825\" height=\"1024\" src=\"https:\/\/www.chill-charge.de\/wp-content\/uploads\/2024\/10\/Insta-Immun-825x1024.jpg\" alt=\"\" class=\"wp-image-562\" style=\"width:220px;height:auto\" srcset=\"https:\/\/www.chill-charge.de\/wp-content\/uploads\/2024\/10\/Insta-Immun-825x1024.jpg 825w, https:\/\/www.chill-charge.de\/wp-content\/uploads\/2024\/10\/Insta-Immun-242x300.jpg 242w, https:\/\/www.chill-charge.de\/wp-content\/uploads\/2024\/10\/Insta-Immun-768x953.jpg 768w, https:\/\/www.chill-charge.de\/wp-content\/uploads\/2024\/10\/Insta-Immun-1237x1536.jpg 1237w, https:\/\/www.chill-charge.de\/wp-content\/uploads\/2024\/10\/Insta-Immun-1650x2048.jpg 1650w\" sizes=\"auto, (max-width: 767px) 89vw, (max-width: 1000px) 54vw, (max-width: 1071px) 543px, 580px\" \/><figcaption class=\"wp-element-caption\">Abwehr Wunder<\/figcaption><\/figure>\n<\/div>\n<\/div>\n\n\n\n<p><\/p>\n\n\n\n<hr class=\"wp-block-separator has-alpha-channel-opacity is-style-wide\"\/>\n\n\n\n<div class=\"wp-block-group\"><div class=\"wp-block-group__inner-container is-layout-constrained wp-block-group-is-layout-constrained\">\n<div class=\"wp-block-buttons is-content-justification-center is-layout-flex wp-container-core-buttons-is-layout-51f7783f wp-block-buttons-is-layout-flex\">\n<div class=\"wp-block-button has-custom-width wp-block-button__width-75 is-style-fill\"><a class=\"wp-block-button__link has-small-font-size has-custom-font-size wp-element-button\" href=\"https:\/\/www.chill-charge.de\/?page_id=65\" style=\"border-radius:100px\">Jetzt einen Tisch reservieren!<\/a><\/div>\n<\/div>\n<\/div><\/div>\n\n\n\n<p><\/p>\n","protected":false},"excerpt":{"rendered":"<p>Bei uns finden Sie regionale, leichte Speisen. Unseren Kaffee beziehen wir von der Kaffeer\u00f6sterei Dinzler, womit sich genussvolle Kaffeespezialit\u00e4ten kreieren lassen. Begleitet mit einem erfrischenden Getr\u00e4nk k\u00f6nnen Sie die S\u00e4fte der Mosterei Jank aus Burg probieren. Zus\u00e4tzlich zu unserem Fr\u00fchst\u00fcck z\u00e4hlen wir auch leichte Mittagsgerichte. Dabei ist unser herzhafter Wildkr\u00e4utersalat aus der Region einen Besuch &hellip; <\/p>\n<p class=\"link-more\"><a href=\"https:\/\/www.chill-charge.de\/?page_id=2\" class=\"more-link\"><span class=\"screen-reader-text\">\u201eUnsere Speisekarte\u201c<\/span> weiterlesen<\/a><\/p>\n","protected":false},"author":1,"featured_media":0,"parent":0,"menu_order":2,"comment_status":"closed","ping_status":"closed","template":"","meta":{"footnotes":""},"class_list":["post-2","page","type-page","status-publish","hentry"],"_links":{"self":[{"href":"https:\/\/www.chill-charge.de\/index.php?rest_route=\/wp\/v2\/pages\/2","targetHints":{"allow":["GET"]}}],"collection":[{"href":"https:\/\/www.chill-charge.de\/index.php?rest_route=\/wp\/v2\/pages"}],"about":[{"href":"https:\/\/www.chill-charge.de\/index.php?rest_route=\/wp\/v2\/types\/page"}],"author":[{"embeddable":true,"href":"https:\/\/www.chill-charge.de\/index.php?rest_route=\/wp\/v2\/users\/1"}],"replies":[{"embeddable":true,"href":"https:\/\/www.chill-charge.de\/index.php?rest_route=%2Fwp%2Fv2%2Fcomments&post=2"}],"version-history":[{"count":108,"href":"https:\/\/www.chill-charge.de\/index.php?rest_route=\/wp\/v2\/pages\/2\/revisions"}],"predecessor-version":[{"id":680,"href":"https:\/\/www.chill-charge.de\/index.php?rest_route=\/wp\/v2\/pages\/2\/revisions\/680"}],"wp:attachment":[{"href":"https:\/\/www.chill-charge.de\/index.php?rest_route=%2Fwp%2Fv2%2Fmedia&parent=2"}],"curies":[{"name":"wp","href":"https:\/\/api.w.org\/{rel}","templated":true}]}}