{"id":65,"date":"2023-06-06T11:51:51","date_gmt":"2023-06-06T09:51:51","guid":{"rendered":"https:\/\/www.chill-charge.de\/?page_id=65"},"modified":"2025-01-16T13:17:44","modified_gmt":"2025-01-16T12:17:44","slug":"reservierung","status":"publish","type":"page","link":"https:\/\/www.chill-charge.de\/?page_id=65","title":{"rendered":"Reservierung"},"content":{"rendered":"\n<div class=\"wp-block-group is-nowrap is-layout-flex wp-container-core-group-is-layout-ad2f72ca wp-block-group-is-layout-flex\">\n<div class=\"wp-block-group\"><div class=\"wp-block-group__inner-container is-layout-constrained wp-block-group-is-layout-constrained\">\n<h2 class=\"wp-block-heading has-text-color has-small-font-size\" style=\"color:#7e3403\">Reservieren Sie Ihren Tisch bei uns!<br><\/h2>\n\n\n\n<p class=\"has-black-color has-text-color has-small-font-size\">Email:       info@chill-charge.de<br>Telefon:  035603-744880<\/p>\n<\/div><\/div>\n<\/div>\n\n\n\n<iframe src=\"https:\/\/www.google.com\/maps\/embed?pb=!1m18!1m12!1m3!1d2465.6024868370478!2d14.14419449299472!3d51.83169169940656!2m3!1f0!2f0!3f0!3m2!1i1024!2i768!4f13.1!3m3!1m2!1s0x47080989f8a06d23%3A0x10e97e00f663ac43!2sCaf%C3%A9%20Chill%20%26%20Charge!5e0!3m2!1sde!2sde!4v1686049344951!5m2!1sde!2sde\" width=\"600\" height=\"450\" style=\"border:0;\" allowfullscreen=\"\" loading=\"lazy\" referrerpolicy=\"no-referrer-when-downgrade\"><\/iframe>\n\n\n\n<h2 class=\"wp-block-heading has-text-color has-small-font-size\" style=\"color:#7e3403\">Kontakt<\/h2>\n\n\n\n<p class=\"has-small-font-size\">Caf\u00e9 Chill&amp;Charge<br>Hauptstr. 19 b<br>03096 Burg (Spreewald)<\/p>\n\n\n\n<hr class=\"wp-block-separator has-alpha-channel-opacity is-style-wide\"\/>\n\n\n\n<p>Bitte fahren Sie bei Anreise mit dem Auto bis zur Schranke heran, diese \u00f6ffnet sich automatisch. Das Parken ist kostenfrei, Sie erhalten von uns eine M\u00fcnze zum \u00d6ffnen der Schranke.<\/p>\n\n\n\n<hr class=\"wp-block-separator has-alpha-channel-opacity is-style-wide\"\/>\n\n\n\n<p><\/p>\n\n\n\n<h2 class=\"wp-block-heading has-text-color has-small-font-size\" style=\"color:#7e3403\">Unsere \u00d6ffnungszeiten<\/h2>\n\n\n\n<p class=\"has-small-font-size\">Montag bis Sonntag: 8:30 &#8211; 17:00 Uhr<\/p>\n\n\n\n<h2 class=\"wp-block-heading has-text-color has-small-font-size\" style=\"color:#7e3403\">Sonder\u00f6ffnungszeiten<\/h2>\n\n\n\n<p class=\"has-small-font-size\">24.12.: geschlossen<\/p>\n\n\n\n<p class=\"has-small-font-size\">25.12.: 8:30 -14:00 Uhr (Festtagsbrunch)<\/p>\n\n\n\n<p class=\"has-small-font-size\">26.12. : 8:30 &#8211; 14:00 Uhr (Festtagsbrunch)<\/p>\n\n\n\n<p class=\"has-small-font-size\">31.12. : 8:30 &#8211; 14:00 Uhr (Festtagsbrunch)<\/p>\n\n\n\n<p>Individuelle Reservierung zum Kaffeetisch auf Anfrage m\u00f6glich!<\/p>\n\n\n\n<p class=\"has-small-font-size\">01.01. : geschlossen<\/p>\n\n\n\n<p><\/p>\n\n\n\n<p><\/p>\n\n\n\n<p><\/p>\n\n\n\n<p><\/p>\n","protected":false},"excerpt":{"rendered":"<p>Reservieren Sie Ihren Tisch bei uns! Email: info@chill-charge.deTelefon: 035603-744880 Kontakt Caf\u00e9 Chill&amp;ChargeHauptstr. 19 b03096 Burg (Spreewald) Bitte fahren Sie bei Anreise mit dem Auto bis zur Schranke heran, diese \u00f6ffnet sich automatisch. Das Parken ist kostenfrei, Sie erhalten von uns eine M\u00fcnze zum \u00d6ffnen der Schranke. Unsere \u00d6ffnungszeiten Montag bis Sonntag: 8:30 &#8211; 17:00 Uhr &hellip; <\/p>\n<p class=\"link-more\"><a href=\"https:\/\/www.chill-charge.de\/?page_id=65\" class=\"more-link\"><span class=\"screen-reader-text\">\u201eReservierung\u201c<\/span> weiterlesen<\/a><\/p>\n","protected":false},"author":2,"featured_media":0,"parent":0,"menu_order":3,"comment_status":"closed","ping_status":"closed","template":"","meta":{"footnotes":""},"class_list":["post-65","page","type-page","status-publish","hentry"],"_links":{"self":[{"href":"https:\/\/www.chill-charge.de\/index.php?rest_route=\/wp\/v2\/pages\/65","targetHints":{"allow":["GET"]}}],"collection":[{"href":"https:\/\/www.chill-charge.de\/index.php?rest_route=\/wp\/v2\/pages"}],"about":[{"href":"https:\/\/www.chill-charge.de\/index.php?rest_route=\/wp\/v2\/types\/page"}],"author":[{"embeddable":true,"href":"https:\/\/www.chill-charge.de\/index.php?rest_route=\/wp\/v2\/users\/2"}],"replies":[{"embeddable":true,"href":"https:\/\/www.chill-charge.de\/index.php?rest_route=%2Fwp%2Fv2%2Fcomments&post=65"}],"version-history":[{"count":30,"href":"https:\/\/www.chill-charge.de\/index.php?rest_route=\/wp\/v2\/pages\/65\/revisions"}],"predecessor-version":[{"id":619,"href":"https:\/\/www.chill-charge.de\/index.php?rest_route=\/wp\/v2\/pages\/65\/revisions\/619"}],"wp:attachment":[{"href":"https:\/\/www.chill-charge.de\/index.php?rest_route=%2Fwp%2Fv2%2Fmedia&parent=65"}],"curies":[{"name":"wp","href":"https:\/\/api.w.org\/{rel}","templated":true}]}}